{"id":153,"date":"2026-01-13T14:33:43","date_gmt":"2026-01-13T13:33:43","guid":{"rendered":"https:\/\/tjelke.hak-digital.at\/?page_id=153"},"modified":"2026-01-13T14:33:43","modified_gmt":"2026-01-13T13:33:43","slug":"auszeichnungen","status":"publish","type":"page","link":"https:\/\/tjelke.hak-digital.at\/?page_id=153","title":{"rendered":"Auszeichnungen"},"content":{"rendered":"\n<p>Qualit\u00e4t und Zuverl\u00e4ssigkeit stehen bei uns an erster Stelle. Im Laufe der Zeit wurde unsere Arbeit durch positive Kundenr\u00fcckmeldungen, erfolgreiche Abnahmen und die langfristige Zusammenarbeit mit Pr\u00fcfinstitutionen best\u00e4tigt. Jede Anerkennung, die wir erhalten, verstehen wir als Best\u00e4tigung unserer konsequenten Arbeitsweise und unseres hohen Anspruchs an Technik und Sicherheit.<\/p>\n\n\n\n<p>Auszeichnungen und positive Bewertungen sind f\u00fcr uns kein Selbstzweck, sondern ein Zeichen des Vertrauens unserer Kunden. Sie zeigen, dass unsere Leistungen nicht nur optisch \u00fcberzeugen, sondern auch technisch und rechtlich den hohen Anforderungen in \u00d6sterreich entsprechen.<\/p>\n\n\n\n<p>Unser Fokus liegt weiterhin auf sauberer Arbeit, hochwertigen Komponenten und nachhaltigen L\u00f6sungen. Jede erfolgreiche Eintragung, jede bestandene Pr\u00fcfung und jedes zufriedene Kundenfahrzeug ist f\u00fcr uns eine Auszeichnung, die unseren Weg best\u00e4tigt und uns motiviert, unseren Standard konstant hochzuhalten.<\/p>\n","protected":false},"excerpt":{"rendered":"<p>Qualit\u00e4t und Zuverl\u00e4ssigkeit stehen bei uns an erster Stelle. Im Laufe der Zeit wurde unsere Arbeit durch positive Kundenr\u00fcckmeldungen, erfolgreiche Abnahmen und die langfristige Zusammenarbeit mit Pr\u00fcfinstitutionen best\u00e4tigt. Jede Anerkennung, die wir erhalten, verstehen wir als Best\u00e4tigung unserer konsequenten Arbeitsweise und unseres hohen Anspruchs an Technik und Sicherheit. Auszeichnungen und positive Bewertungen sind f\u00fcr uns [&hellip;]<\/p>\n","protected":false},"author":1,"featured_media":0,"parent":0,"menu_order":0,"comment_status":"closed","ping_status":"closed","template":"","meta":{"footnotes":""},"class_list":["post-153","page","type-page","status-publish","hentry"],"_links":{"self":[{"href":"https:\/\/tjelke.hak-digital.at\/index.php?rest_route=\/wp\/v2\/pages\/153","targetHints":{"allow":["GET"]}}],"collection":[{"href":"https:\/\/tjelke.hak-digital.at\/index.php?rest_route=\/wp\/v2\/pages"}],"about":[{"href":"https:\/\/tjelke.hak-digital.at\/index.php?rest_route=\/wp\/v2\/types\/page"}],"author":[{"embeddable":true,"href":"https:\/\/tjelke.hak-digital.at\/index.php?rest_route=\/wp\/v2\/users\/1"}],"replies":[{"embeddable":true,"href":"https:\/\/tjelke.hak-digital.at\/index.php?rest_route=%2Fwp%2Fv2%2Fcomments&post=153"}],"version-history":[{"count":1,"href":"https:\/\/tjelke.hak-digital.at\/index.php?rest_route=\/wp\/v2\/pages\/153\/revisions"}],"predecessor-version":[{"id":154,"href":"https:\/\/tjelke.hak-digital.at\/index.php?rest_route=\/wp\/v2\/pages\/153\/revisions\/154"}],"wp:attachment":[{"href":"https:\/\/tjelke.hak-digital.at\/index.php?rest_route=%2Fwp%2Fv2%2Fmedia&parent=153"}],"curies":[{"name":"wp","href":"https:\/\/api.w.org\/{rel}","templated":true}]}}