{"id":140,"date":"2026-01-13T14:07:08","date_gmt":"2026-01-13T13:07:08","guid":{"rendered":"https:\/\/tjelke.hak-digital.at\/?page_id=140"},"modified":"2026-01-13T14:23:16","modified_gmt":"2026-01-13T13:23:16","slug":"unser-team","status":"publish","type":"page","link":"https:\/\/tjelke.hak-digital.at\/?page_id=140","title":{"rendered":"Unser Team"},"content":{"rendered":"\n<p>Unser Team bildet das Herzst\u00fcck unseres Unternehmens. Es setzt sich aus qualifizierten Kfz-Technikern, erfahrenen Tuning-Spezialisten und Fachkr\u00e4ften zusammen, die ihre Arbeit mit h\u00f6chster Pr\u00e4zision und Leidenschaft ausf\u00fchren. Jeder Umbau, jede Leistungssteigerung und jede Individualisierung basiert auf fundiertem Fachwissen, handwerklicher Sorgfalt und einem tiefen Verst\u00e4ndnis moderner Fahrzeugtechnik.<\/p>\n\n\n\n<p>Besonderen Wert legen wir auf laufende Weiterbildung. Fahrzeugtechnik, Motorsteuerungen und gesetzliche Vorgaben entwickeln sich st\u00e4ndig weiter \u2013 insbesondere im Bereich der \u00f6sterreichischen Zulassungs- und Genehmigungsrichtlinien. Durch regelm\u00e4\u00dfige Schulungen und den engen Austausch mit Pr\u00fcfstellen stellen wir sicher, dass unsere Arbeiten technisch auf dem neuesten Stand und rechtlich einwandfrei sind.<\/p>\n\n\n\n<p>Dar\u00fcber hinaus steht bei uns der Kunde im Mittelpunkt. Wir nehmen uns Zeit f\u00fcr pers\u00f6nliche Beratung, transparente Planung und eine ehrliche Einsch\u00e4tzung der M\u00f6glichkeiten. Jedes Projekt wird individuell betrachtet und exakt auf die W\u00fcnsche sowie auf die gesetzlichen Rahmenbedingungen in \u00d6sterreich abgestimmt. Unser Ziel ist es, nicht nur Fahrzeuge zu optimieren, sondern langfristiges Vertrauen aufzubauen.<\/p>\n\n\n\n<figure class=\"wp-block-embed is-type-video is-provider-youtube wp-block-embed-youtube wp-embed-aspect-16-9 wp-has-aspect-ratio\"><div class=\"wp-block-embed__wrapper\">\n<iframe loading=\"lazy\" title=\"Video f\u00fcr meine Website\" width=\"500\" height=\"281\" src=\"https:\/\/www.youtube.com\/embed\/E-BtxaYvy70?feature=oembed\" frameborder=\"0\" allow=\"accelerometer; autoplay; clipboard-write; encrypted-media; gyroscope; picture-in-picture; web-share\" referrerpolicy=\"strict-origin-when-cross-origin\" allowfullscreen><\/iframe>\n<\/div><\/figure>\n","protected":false},"excerpt":{"rendered":"<p>Unser Team bildet das Herzst\u00fcck unseres Unternehmens. Es setzt sich aus qualifizierten Kfz-Technikern, erfahrenen Tuning-Spezialisten und Fachkr\u00e4ften zusammen, die ihre Arbeit mit h\u00f6chster Pr\u00e4zision und Leidenschaft ausf\u00fchren. Jeder Umbau, jede Leistungssteigerung und jede Individualisierung basiert auf fundiertem Fachwissen, handwerklicher Sorgfalt und einem tiefen Verst\u00e4ndnis moderner Fahrzeugtechnik. Besonderen Wert legen wir auf laufende Weiterbildung. Fahrzeugtechnik, Motorsteuerungen [&hellip;]<\/p>\n","protected":false},"author":1,"featured_media":0,"parent":0,"menu_order":0,"comment_status":"closed","ping_status":"closed","template":"","meta":{"footnotes":""},"class_list":["post-140","page","type-page","status-publish","hentry"],"_links":{"self":[{"href":"https:\/\/tjelke.hak-digital.at\/index.php?rest_route=\/wp\/v2\/pages\/140","targetHints":{"allow":["GET"]}}],"collection":[{"href":"https:\/\/tjelke.hak-digital.at\/index.php?rest_route=\/wp\/v2\/pages"}],"about":[{"href":"https:\/\/tjelke.hak-digital.at\/index.php?rest_route=\/wp\/v2\/types\/page"}],"author":[{"embeddable":true,"href":"https:\/\/tjelke.hak-digital.at\/index.php?rest_route=\/wp\/v2\/users\/1"}],"replies":[{"embeddable":true,"href":"https:\/\/tjelke.hak-digital.at\/index.php?rest_route=%2Fwp%2Fv2%2Fcomments&post=140"}],"version-history":[{"count":3,"href":"https:\/\/tjelke.hak-digital.at\/index.php?rest_route=\/wp\/v2\/pages\/140\/revisions"}],"predecessor-version":[{"id":150,"href":"https:\/\/tjelke.hak-digital.at\/index.php?rest_route=\/wp\/v2\/pages\/140\/revisions\/150"}],"wp:attachment":[{"href":"https:\/\/tjelke.hak-digital.at\/index.php?rest_route=%2Fwp%2Fv2%2Fmedia&parent=140"}],"curies":[{"name":"wp","href":"https:\/\/api.w.org\/{rel}","templated":true}]}}